te 21 + -8 + 12 + 4 + -20.
9
7 + -5 + -4 + 1 - (-1 + 13 + -18)
5
-43 + -7 + 35 + (-1 - -12) - -73
69
What is the value of -27 + 137 + -74 + -77?
-41
Calculate 4 + (-50 - (-50 + -8) - ((6 - -2) + -2)).
6
What is the value of (-71 - -4) + 78 + -36?
-25
Evaluate (229 - 223) + -24 + 22.
4
What is the value of -8 + -66 - (-99 + 65)?
-40
What is 27 - (4 + (-11 - -3) + 2 - (2 + -1))?
30
Calculate -2 + (1 - -4) + 17 + 12 + 0 + -7.
25
Evaluate 20 - ((1 - (-2 - -17)) + -1751 + 1742).
43
(15 - -7) + -6 - -51
67
What is the value of -8 + -2 + (-14 - (-16 + 0)) + 6 + -11?
-13
Evaluate -9 - (-30 + 16) - (-431 + 317 + (4 - -1)).
114
What is the value of -8 - (-3 + -20 + (-53 - -45) + -12)?
35
-1 + (2 + -3 + -13 - (-297 - -263))
19
Evaluate -29 + (11 - 54) + 23 + 15.
-34
What is the value of 5 + -34 - (125 + -247)?
93
Calculate 5 - (-52 - -31) - (8 + 1).
17
What is the value of 1 + -12 + -1 + (197 - 177)?
8
What is the value of 4 - (9 + -5 + -115 - (-159 + 153))?
109
What is the value of (0 - -5) + -8 + (-14 - (-49 - 5 - 8))?
45
What is the value of -6 + (1 - 2) + (-72 - (0 + -69)) - -11?
1
Calculate -81 + 80 - (-4 + 0 + 8).
-5
-18 + (-2 - 1) - (-206 - -220)
-35
What is 72 - (18 + (39 - 66 - 4))?
85
What is 3809 + -3807 + (-2 - (-1 - 3)) + (65 - 1)?
68
What is 35 + 27 + -16 + -37 - (0 + -13)?
22
What is the value of 4 + (2 - -38 - (24 - 32)) + 17?
69
Evaluate ((-10 + -11 - -36) + -7 - (-28 + 0)) + -9.
27
What is the value of 40 + 3 + -50 + 12?
5
(-59 - (51 + -46 - 8)) + 16
-40
Evaluate (21 - 9) + -5 + 0 + -49.
-42
What is the value of 3 - 92 - (39 - (62 - 32)) - -9?
-89
Calculate -36 + 158 + (-26 - -11).
107
-15 + (9 - 1) - (102 - 116 - (-1 + -15))
-9
What is the value of -336 - -399 - (9 - 5 - -4)?
55
Evaluate -31 - -3 - (-727 - -697).
2
Calculate (-24 - -47) + 3 + (18 - 129).
-85
What is the value of (271 + -271 - (1 + -10) - 10) + -6 - 13?
-20
What is the value of 12 - ((8 - (14 + -10)) + -14 + -31)?
53
What is the value of (-9 - -15) + (17 - (1 - -7)) + -5?
10
Evaluate 4 + -76 + 4 - (45 + 29 + -69).
-73
Evaluate 43 + (-8 + 20 + -9 - 0 - (8 - 1)).
39
(-6 - 13 - (-38 + 15 + -2)) + -1 + 17
22
Calculate -8 - 9 - -10 - -18 - (-2 + 61).
-48
What is the value of (117 - (136 - -119)) + 43?
-95
Calculate 44 - (32 - (-34 - -35)).
13
-2488 + 2624 - (-3 - -55)
84
Evaluate (75 - (84 + 48)) + 87.
30
Calculate (48 - 5) + -177 + 123.
-11
(-38 - (-1 + -43)) + (12 - 0 - 0)
18
Calculate -14 + 1 + (-81 - (60 + -124)).
-30
Evaluate 1 - -22 - ((-5 - (-7 - -4)) + 0).
25
Evaluate -6 + 19 - (-7 + -4 + 30) - (13 + -1).
-18
What is 48 + -37 - (1 + 58 + (2 - (-4 + 1)))?
-53
(-14 - (3 - 7)) + 4 + (-3 - (-6 + 8))
-11
Evaluate -76 - (-12 + (-18 - -7) + 11 + 1 + 3).
-68
131 - (13 - ((-6 - -32) + -50))
94
What is the value of -138 + 274 + -159 - (0 + -15)?
-8
Calculate (-26 - -17) + 5 + -120 + 97.
-27
Evaluate 43 - -2 - (-229 - -227).
47
Calculate 0 + (0 + -1 - 1) + -86 + -14 + 113.
11
Calculate -37 + -17 + (22 - -19).
-13
Evaluate (2 - 37) + 1070 + -1048.
-13
Evaluate -11 + 1 + -209 + 123 + 98.
2
Evaluate -42 + 0 + (4 + -4 - (-108 - -104)).
-38
(39 - 50) + -32 + 16
-27
What is (-51 - -33) + -44 - (6 - 0 - -3) - -3?
-68
What is the value of -7 + (-2 - -43) - (-2 + -4 + 2 - -1)?
37
What is the value of -7 + 2 + -1 + (114 + (-56 - -22) - -1)?
75
Calculate (-19 - 28) + (1 + -2 - (-2 + 3 + -1)).
-48
Evaluate 251 - 132 - (204 + -20).
-65
Calculate -162 - (24 + -457 + 121).
150
Calculate -19 - (14 + 3 + -12 + -11).
-13
What is -9 + (-4 - -4 - -6) + (-13 - -64)?
48
What is the value of 2 - -44 - (-65 - -66)?
45
4 + 122 + -3716 + 3623
33
Calculate 30 + (-4 - (34 + -23)) + (26 - 1).
40
Evaluate -60 - (39 + (-24 - 94)).
19
Evaluate 11 - (-27 - -6) - (-16 - -9).
39
Calculate (-7 + (-15 - -11) + 12 - 57) + 13.
-43
What is 1000 + -978 - ((3 - -36) + 3)?
-20
Evaluate -110 + (316 + -144 - 7).
55
What is the value of (3 - 0) + (6 - (55 + -15 - (10 + -5)))?
-26
What is the value of 73 - (16 + 97) - (-2 + -25)?
-13
What is the value of 31 - (-1 + 1) - (88 - 191 - -94)?
40
What is the value of 2 + 9 + -8 + -10 + 18 + -81 + -4?
-74
What is 12 - 11 - (9 - 17 - -32)?
-23
-2 + 13 - (116 - (-30 + 117))
-18
Evaluate -3 - (7 + -33 + 71).
-48
15 + 32 - ((193 - 33) + 24)
-137
Calculate -6 - -3 - (-41 - (60 - 150)).
-52
What is the value of (4 - -19) + (14 - (-12 + (-5 - -34)) - 2)?
18
Evaluate 17 - (3 + -4 + -1 - -11).
8
What is the value of (23 - (-22 + 74 + 13)) + -5?
-47
Calculate 16 + 2 + 61 + 80 + -88 - -8.
79
What is the value of -35 - -34 - (-91 + 19 - -29)?
42
Evaluate (981 - 380) + -507 + (3 - (1 + -1)).
97
Evaluate -124 + 178 + 8 + (1 - -1 - (3 + 8)).
53
Calculate (-1 + -1 - (-27 - (9 - 25))) + (-27 - -30).
12
39 + (-5 - 82 - -2)
-46
54 + -60 - (54 - (-4 - -3))
-61
-31 + (-6 - (0 + -4 - -5 - -1))
-39
Calculate 67 - 76 - (-66 - -22 - 15).
50
(78 - 104) + (28 - -18)
20
What is the value of (17 - 0) + (-2742 - -2676)?
-49
Evaluate (47 - 0) + (-145 - -120).
22
58 + (-36 - -31) - 36
17
Calculate -5 + 39 + (6 - (-10 + (14 - 10) + 3)).
43
Calculate 11 + (-14 - -1) - (-3 + -13 - 1).
15
Evaluate -278 - -39 - -116 - (1 + -2).
-122
(62 - 19) + (-48 - -9) + -52
-48
Evaluate (-71 + 86 - 13) + -24 + 2.
-20
What is (-28 - -63) + -22 + (1 - 5) + 43?
52
What is 1 + -10 + (6 - 36) + 43?
4
Calculate 13 + (36 + -114 - -110).
45
What is -73 + (3 + -20 - -11) + 24?
-55
Evaluate 97 - (-4 - -61 - (40 - 12)).
68
Calculate 13 + 0 - (34 + 0 - 1 - 21).
1
What is the value of (-458 + 457 - (-2 + (-22 + 2 - 0))) + 6?
27
78 - (103 - (133 - 57))
51
Calculate 10 + -7 + (19 - (13 + -28)).
37
What is the value of 95 + 1 + (-140 + 128 - (3 - 34))?
115
111 - -13 - (-5 + 10 + 2 + 3)
114
Evaluate -49 + 21 - (-1072 - -1046).
-2
What is the value of 34 + -24 + -49 - -106?
67
What is the value of -13 + -88 + (-43 - -41) + (-1 - -14)?
-90
-5 - (33 - (-4 - -9))
-33
Evaluate 35 - (41 + 28 + -7).
-27
Calculate (95 - (-45 + 35)) + -94.
11
What is the value of -11 - -2 - (-85 + (12 - -4) - 26)?
86
Evaluate -348 + 348 - (1 - -31 - 2).
-30
(1 + 15 + (-34 - -25) - -39) + -11
35
(-43 - (1 + -17)) + 40
13
Evaluate (50 - (40 + 1)) + (-1 - -14) + -2.
20
183 + -389 + (-3 - -105)
-104
What is 11 + -21 + -34 - -131 - 29?
58
Evaluate -13 - ((21 - 22) + 35).
-47
Evaluate -65 + 8 + (12 + -9 - -4 - -1) + -5.
-54
What is the value of (-11 - -6 - 10) + (-38 - (-83 - -41))?
-11
Evaluate 64 + -69 + -50 + 93.
38
What is the value of 4 + (-3 + (1 - -20) - (-293 + 342))?
-27
What is 3 + -6 - ((-111 - -67) + 43)?
-2
What is (-7 - (10 - (5 - 1))) + 23 - 66?
-56
What is 19 + 30 - 34 - 8 - (7 - (1 - 4))?
-3
Evaluate 11 + -8 + -8 - (-3 - -9 - 2) - -20.
11
Calculate (15 - (1 + 0)) + (2820 - 2818).
16
Evaluate 16 + 27 + -11 + -21 + 14 + 6.
31
Evaluate (8 - (8 - 4)) + -2 + -18 + 4 + -9.
-21
What is -45 - (-9 + 7 + -8)?
-35
What is 11 + (0 - (-10 - -29)) + (94 - -15)?
101
-6 + (6 - 3) - (-33 - -44 - 15)
1
Evaluate (95 - 71) + (-68 - -18).
-26
10 + 17 - -2 - -2 - 150
-119
What is the value of (-69 - -14 - -36) + 26?
7
Evaluate -3 + 2 + 0 + 57 + -97 + 31.
-10
What is -3 - (1 - (-3 + 4)) - (8 - (44 + -46))?
-13
-53 + 0 + 17 + (-30 - -41 - 25)
-50
What is the value of -56 - (-11 + 8 + (-14 - -13) + 7)?
-59
3 - -36 - ((119 - -16) + -155)
59
What is (5 - -11) + (-4 - -32) + -7 + -4?
33
What is 3 + (0 - (13 + -1)) + (14 - -23)?
28
(6 - (2 + 0 + -8 + -26)) + 0 + 10
48
What is the value of 55 - (-34 - -88 - 30)?
31
Evaluate 24 + 2 + (38 - (27 - (2 + -9))).
30
What is the value of (-8 - -3) + -27 + 43 - (19 + (-4 - 0))?
-4
What is the value of 497 + -498 + (3 - 0) + -33 + 2 + -3?
-32
Evaluate (-4 - (13 + -8 - -4 - 67)) + (49 - 48).
55
Calculate 139 - (44 + (112 - 35)).
18
What is the value of -36 + 17 - -32 - 18 - (1 - -35)?
-41
What is -8 + (-12 - -14 - (4 - -3)) - -11?
-2
What is (6 - (-12 + 9)) + -2 + -40 + -7?
-40
Calculate 75 + (52 - 16) + -79.
32
Evaluate -13 + (1 + -11 - -45).
22
Calculate 24 - (-6 - -32 - 34).
32
What is the value of -88 - (-151 - (3 - 70))?
-4
Evaluate -36 + (4 + -1 - (-12 - (-21 - -4))).
-38
-70 - -60 - (-2 + -5 + -3 + (47 - 0))
-47
Evaluate -3 - -5 - (-194 - -222) - -15.
-11
What is the value of 54 - ((-78 - -49) + 105)?
-22
What is the value of -10 - 0 - (-9 + 1 + -8) - 32 - -8?
-18
What is the value of 126 - ((9 - 12) + -17 - (-53 + 22 - -19))?
134
-2 + 21 